 factor of 112 and 323624.
56
Calculate the highest common divisor of 200 and 65272.
8
Calculate the highest common factor of 890 and 110.
10
What is the highest common factor of 295 and 364502?
59
Calculate the highest common divisor of 602 and 250690.
86
What is the highest common divisor of 16 and 394544?
16
Calculate the greatest common factor of 118 and 149801.
59
What is the highest common factor of 264297 and 3597?
33
What is the greatest common factor of 4455 and 293733?
297
Calculate the highest common factor of 18564 and 4836.
156
Calculate the highest common divisor of 112 and 21427.
7
What is the greatest common factor of 644 and 676384?
92
Calculate the greatest common divisor of 112 and 297780.
28
Calculate the highest common divisor of 9116 and 16684.
172
What is the highest common factor of 88 and 298856?
8
Calculate the greatest common factor of 172425 and 190.
95
Calculate the highest common factor of 875 and 450375.
125
What is the greatest common factor of 777 and 600177?
111
What is the greatest common divisor of 1090 and 3634605?
545
What is the greatest common factor of 17980 and 380?
20
What is the greatest common divisor of 46238 and 4880?
122
Calculate the highest common divisor of 74150 and 600.
50
What is the highest common factor of 261269 and 19?
19
What is the greatest common factor of 3108 and 1029?
21
What is the highest common factor of 6066 and 4194?
18
What is the highest common factor of 40464 and 2952?
72
What is the greatest common divisor of 405883 and 31?
31
What is the greatest common divisor of 1328607 and 7?
7
What is the highest common divisor of 6372 and 3422?
118
What is the greatest common divisor of 60 and 239580?
60
What is the highest common factor of 48858 and 136?
34
What is the greatest common factor of 1221 and 638?
11
What is the greatest common factor of 39783 and 3738?
267
What is the highest common divisor of 516 and 116444?
172
What is the greatest common divisor of 269 and 4801919?
269
Calculate the greatest common factor of 66618 and 288.
18
Calculate the highest common divisor of 368 and 166888.
184
What is the greatest common divisor of 312059 and 242?
121
What is the highest common divisor of 11355 and 30?
15
Calculate the highest common factor of 160777 and 473.
43
What is the highest common divisor of 55 and 54593?
11
Calculate the greatest common divisor of 10816 and 55744.
832
What is the highest common factor of 411701 and 1522?
761
What is the greatest common divisor of 2528 and 79?
79
What is the greatest common factor of 333 and 159273?
9
Calculate the highest common divisor of 116 and 41963.
29
What is the greatest common divisor of 3136 and 57330?
98
Calculate the greatest common factor of 28640 and 800.
160
What is the greatest common factor of 229743 and 2881?
67
Calculate the highest common factor of 25 and 167450.
25
What is the greatest common factor of 320 and 415?
5
What is the highest common divisor of 7941 and 36?
3
What is the greatest common factor of 441448 and 112?
56
What is the greatest common divisor of 444 and 60?
12
Calculate the greatest common divisor of 74273 and 1445.
289
Calculate the highest common divisor of 126 and 360402.
42
What is the highest common factor of 15 and 683?
1
Calculate the greatest common divisor of 2028 and 302848.
676
Calculate the highest common factor of 74249 and 49.
7
What is the greatest common factor of 382024 and 1060?
212
Calculate the highest common divisor of 8455 and 10235.
445
Calculate the highest common divisor of 16020 and 5895.
45
Calculate the greatest common divisor of 3288 and 14136.
24
What is the highest common divisor of 357 and 540?
3
What is the highest common factor of 22371 and 3?
3
Calculate the greatest common factor of 3735 and 2175015.
1245
What is the highest common factor of 196664 and 976?
488
What is the greatest common divisor of 1335 and 285?
15
Calculate the greatest common divisor of 896 and 66500.
28
What is the greatest common divisor of 1612 and 3100?
124
Calculate the greatest common factor of 3278469 and 226.
113
What is the greatest common factor of 189 and 225342?
27
Calculate the highest common factor of 337161 and 1496.
187
Calculate the highest common factor of 67 and 37855.
67
What is the greatest common divisor of 15004 and 3720?
124
What is the highest common factor of 5114928 and 104?
104
Calculate the highest common factor of 4244 and 12.
4
Calculate the greatest common factor of 1170 and 54522.
234
Calculate the greatest common factor of 2336 and 192.
32
What is the highest common divisor of 246900 and 9053?
823
What is the greatest common divisor of 65297 and 575?
23
What is the highest common divisor of 10917 and 36?
9
What is the greatest common divisor of 13589 and 1819?
107
Calculate the greatest common factor of 2688 and 2877.
21
What is the highest common divisor of 298920 and 423?
141
Calculate the greatest common factor of 2651 and 22.
11
Calculate the greatest common divisor of 3415995 and 22.
11
Calculate the greatest common factor of 905660 and 84.
28
What is the greatest common divisor of 2548 and 1148?
28
Calculate the greatest common divisor of 128 and 91552.
32
What is the greatest common factor of 3275121 and 123?
123
What is the greatest common factor of 1197 and 5208?
21
Calculate the greatest common factor of 45 and 40470.
15
What is the greatest common factor of 19 and 5210?
1
Calculate the highest common divisor of 3177 and 339.
3
What is the greatest common factor of 392 and 296?
8
Calculate the greatest common factor of 10570 and 210.
70
Calculate the highest common divisor of 85650 and 96.
6
What is the greatest common factor of 363244 and 21?
7
Calculate the highest common divisor of 49 and 9499.
7
What is the highest common factor of 9180 and 4692?
204
Calculate the highest common factor of 2019510 and 10.
10
What is the greatest common factor of 65000 and 280?
40
Calculate the greatest common factor of 90 and 19440.
90
Calculate the greatest common divisor of 3942 and 2862.
54
What is the greatest common factor of 12714 and 21516?
978
Calculate the highest common divisor of 128027 and 4624.
289
Calculate the highest common factor of 436 and 278059.
109
What is the greatest common factor of 369640 and 16?
8
What is the greatest common factor of 1629 and 406345?
181
Calculate the highest common factor of 1206 and 146998.
134
Calculate the greatest common factor of 11712 and 31476.
732
What is the greatest common factor of 10608 and 18096?
624
Calculate the highest common divisor of 221 and 38879.
17
Calculate the greatest common factor of 2068966 and 146.
146
What is the highest common divisor of 71 and 27193?
71
Calculate the greatest common factor of 72 and 113688.
72
What is the greatest common divisor of 2891767 and 295?
59
Calculate the greatest common divisor of 819 and 8541.
117
What is the greatest common factor of 1504 and 115840?
32
Calculate the greatest common factor of 49005 and 58685.
605
What is the greatest common factor of 5 and 289?
1
What is the greatest common divisor of 7708 and 133086?
82
Calculate the greatest common divisor of 6 and 374100.
6
What is the highest common divisor of 14873 and 71904?
107
What is the highest common divisor of 630 and 69510?
210
Calculate the highest common divisor of 1638 and 51324.
546
Calculate the highest common factor of 652162 and 14.
14
What is the greatest common divisor of 59429 and 5322?
887
What is the highest common divisor of 252234 and 346?
346
What is the highest common factor of 189036 and 595944?
3204
Calculate the greatest common factor of 36379 and 21.
7
Calculate the greatest common divisor of 3111282 and 36.
18
Calculate the greatest common divisor of 36 and 8332.
4
What is the greatest common divisor of 28 and 15722?
14
Calculate the greatest common factor of 8194 and 3400.
34
Calculate the highest common factor of 1500 and 1812.
12
Calculate the highest common divisor of 50982 and 6873.
87
What is the highest common factor of 21571050 and 30?
30
What is the highest common divisor of 154625 and 375?
125
Calculate the highest common divisor of 23 and 688.
1
What is the greatest common divisor of 10472807 and 694?
347
Calculate the greatest common divisor of 2523599 and 1